3*z - 77. Let m be r(30). Let n(u) = -u**3 + 13*u**2 + 8*u + 23. Is n(m) prime?
True
Let x = -50 - -52. Suppose 3*l - o = 4570, -x*o = -3*l + 2*l + 1525. Suppose b - h = -4*h + 384, -4*b + h + l = 0. Is b prime?
False
Suppose -d = -6 - 10. Suppose p - 123097 = -d*p. Is p prime?
False
Suppose 0 = 5*n - 5*t - 175995, -5*t - 86273 - 19324 = -3*n. Let o = n - 17392. Is o composite?
False
Suppose -783670 - 1281002 = -86*l + 1755190. Is l a prime number?
True
Let o = 6 - 12. Let b be (68/o)/(2/3). Let c = b - -138. Is c composite?
True
Let b be -3 + 1 + 3 - -11. Suppose -4*d = -6*d - b. Is 73*(-1)/(-5) + d/10 a prime number?
False
Is (642/58 - (-74)/(-1073)) + 989330 a composite number?
False
Let q(d) = -64417*d + 455. Is q(-6) a prime number?
False
Suppose -88*l - 2875418 = -40626246 - 7017148. Is l a prime number?
True
Suppose z = -z - 5*g + 215, -3*g - 80 = -z. Let l be (z - 96)/((2/3)/(-2)). Is 1945/15 + (-2)/l + -2 a composite number?
False
Let s(v) be the first derivative of 2*v**3 + 3*v**2 - 23*v + 49. Is s(8) composite?
False
Suppose -143299 = -4*d - m + 163221, 76611 = d + 5*m. Is d prime?
True
Suppose 5*p - 2*y = 517539, -42*y + 39*y = -2*p + 206998. Is p a prime number?
True
Suppose -5*c + 240617 = -7*k, 238508 + 2091 = 5*c - 4*k. Is c composite?
True
Let s = -40406 + 82619. Is s a composite number?
True
Let x(k) = 2*k - 10. Let w be x(5). Let o(a) = 2*a - 3. Let q be o(w). Is (38/6)/(q/(-207)) a composite number?
True
Let x(m) be the second derivative of -2*m**3/3 + 2253*m**2 + 40*m. Let r be x(0). Suppose -70*n + r = -64*n. Is n a composite number?
False
Let u = 4245 + -9403. Is u/6*(14 + -17) prime?
True
Let o(n) = 35227*n - 1141. Is o(2) a prime number?
True
Is 4/5*24554755/692 prime?
True
Is (((-1933946)/(-224))/((-10)/40))/(2/(-8)) a prime number?
True
Let b(p) = -p**2 - 7*p - 2. Let j be b(-4). Suppose 18*o - 11*o = 28. Is ((-16)/j)/(o/(-850)) - 3 prime?
True
Let v = 201240 + 65111. Is v composite?
False
Let w = -166 - -160. Is 276/7 + w/56*4 composite?
True
Let t = 700322 + -442885. Is t prime?
True
Let k = 531466 + -321087. Is k a prime number?
False
Is 6/(-8)*(-12 + 491016/(-9)) a prime number?
True
Suppose d - 43438 = 7*s - 11*s, 4*d - 8 = 0. Suppose 4*w - 14937 = s. Is w a composite number?
False
Is ((2 - 2) + -20095)*(72/(-10) + 5) prime?
False
Let t be 14/7 - (-86)/(-2). Let i(f) = -150*f + 43. Is i(t) a composite number?
True
Suppose 4*m - k = 153620 + 22598, 0 = 2*m + 2*k - 88104. Is m a prime number?
False
Suppose 4*w - 3*o - 986107 = 0, -3*w - 6*o + 739596 = -3*o. Is w a composite number?
True
Suppose -44*z + 41*z + 11048 = 4*i, -2*z = -3*i + 8269. Is (-109 - -3)*i/(-62) a composite number?
True
Let q(w) = 45*w**2 - 2*w - 2. Let u = 1 - 1. Suppose u = 4*y + z - 15, -4*z = -z - 9. Is q(y) prime?
True
Suppose 121029 = 2*m + 2*m + z, -3*m - 3*z = -90756. Is m composite?
False
Let h = -668140 + 1609077. Is h composite?
True
Let c(o) = -7357*o + 1964. Is c(-11) prime?
True
Suppose 0 = -h - 4*x + 1646 + 2439, 3*h + 2*x = 12225. Is h a composite number?
False
Let m(y) = 30*y**2 + 172*y - 386. Is m(-38) a prime number?
False
Suppose 5*y = 38 + 12. Let z be (-1504)/(-30) + y/(-75). Let h = 1711 - z. Is h prime?
False
Suppose 0 = -n - 3, -31*k + 3*n = -28*k - 754926. Is k prime?
True
Let j be 10796 - ((-48)/(-6) - 4). Suppose 0 = -a + 5*f + 16358, 76299 = 4*a + 5*f + j. Is a prime?
False
Suppose x + 31 = 4*v, -5*x + 57 + 4 = 4*v. Let s(d) = 352*d + 79. Is s(v) a prime number?
False
Let r be ((-5)/4)/(1/(-4)). Suppose -r*t - 7496 = 11859. Let p = -2474 - t. Is p prime?
False
Let i(y) = -462*y - 18. Let g be i(-4). Let w = 2220 + g. Suppose -3*r = 2*r + m - 4040, w = 5*r - m. Is r a composite number?
False
Let q(u) = 4*u - 39. Let d be q(22). Let g = 2628 - d. Is g a composite number?
False
Suppose 0 = 4*f + 2*s - 26, -f + 31 - 7 = -3*s. Let a be (-1*(-1301)/5)/(f/45). Suppose -5*z = -u + 968, 680 + a = 2*u + 5*z. Is u composite?
False
Suppose -4948 = 10*m + 29762. Let t = -1582 - m. Is t a prime number?
True
Suppose -8*j + 139*j - 65717329 = 0. Is j composite?
False
Suppose 19*u = 16*u - 1428. Let b = 921 + u. Let t = b - -48. Is t composite?
True
Suppose -3*d = -4*d - p + 151986, -d - 3*p + 151976 = 0. Is d a composite number?
True
Let l(b) = 860*b + 3. Let n be l(6). Suppose r + 4*w = n, 2*w + w = 3*r - 15429. Is r composite?
False
Let s = 12127 + -9246. Is s composite?
True
Is ((-2752476)/8)/(207/(-18) + 10) composite?
False
Let a be 12/15*(-13 + 8). Is a + ((-2)/2 - 3438/(-1)) composite?
False
Let n(q) = 41*q**2 + 11*q - 23. Let w be (2*(-5)/20)/((-1)/10). Suppose -4*g = 4, 4*l - 2*l - 13 = w*g. Is n(l) prime?
True
Let g(w) = 4*w - 13. Let o(q) = -5*q + 14. Let u(d) = -6*g(d) - 5*o(d). Let j be u(-4). Suppose -j*f + 955 = f. Is f a composite number?
False
Let y be (2 + 1 - 3) + 8. Let o be (-84 + -1)/(y/8). Let v = o - -168. Is v a prime number?
True
Suppose -b + 26*b = 2825. Suppose 0 = -7*u + 4850 + b. Is u composite?
False
Suppose -22*p = -25*p - 12036. Let t = p - -6057. Is t prime?
False
Let g = -157658 - -242805. Is g a composite number?
False
Let c = -33853 + 88164. Is c a composite number?
False
Is 2/6 - (7 - (-501115)/(-15)) composite?
True
Let h(g) be the first derivative of 14*g**3/3 + 8*g**2 + 35*g - 1. Suppose 46 = 2*d + 5*k, 6 = -34*d + 36*d - 5*k. Is h(d) a prime number?
True
Let q be (1*-6)/(18/522). Let w(z) = 10*z**2 - z - 3. Let p be w(-6). Let i = p - q. Is i prime?
False
Let j be ((-1469)/(-26))/((-110)/56 + 2). Suppose -12*m - j = -14314. Is m prime?
True
Suppose 506 = -2*t + 13*t. Suppose 6*o + t = -80. Is 6/(-4)*3682/o prime?
True
Suppose 21432 = 2*z - 3*g + 3874, -43895 = -5*z - 2*g. Is z a prime number?
True
Suppose 0 = -3*j - 9, -6*j + 5*j - 936 = g. Let b = 1840 + g. Is b a composite number?
False
Let q(b) = -6*b**2 - 2*b - 61. Let j be q(-28). Let c = j - -6890. Is c a prime number?
False
Suppose 3*z - 72 = f, 7*f - 134 = -5*z + 4*f. Is ((-135822)/(-5))/3 - (-5)/z a composite number?
True
Suppose 10*s - 15012 = 6*s. Suppose 3*b + 492 - s = 0. Suppose -2872 = -4*k - t + b, -2*k - t = -1977. Is k composite?
False
Let q(p) = 34*p + 48. Let v be q(3). Is v/25 + 25 + 1 + 2 a composite number?
True
Let l = 68 - 72. Let i be -478*((-42)/4 - l). Suppose 9*d - 7216 - i = 0. Is d composite?
True
Suppose 263*w = 194*w + 2821479. Is w a composite number?
True
Let l = -3331 + 6158. Suppose 12*s - l = 11*s. Is s prime?
False
Let p = -53740 - -162619. Is p a composite number?
True
Let j(f) = f**3 - 13*f**2 + 35*f - 10. Let o be j(14). Let d = o + -175. Is d composite?
True
Suppose -40*f - 1376893 = -26*f - 21*f. Is f prime?
True
Suppose -7852935 = -69*g + 7609206. Is g prime?
False
Suppose 0 = -3*q - 59 + 44, -2*q = 2*y - 99772. Is y prime?
True
Suppose -5*i + 3172 = -78. Suppose -2*b + 108 + i = 0. Is b a composite number?
False
Let i(v) = 112*v**2 + 5*v + 5. Let g = 89 + -91. Is i(g) a prime number?
True
Let b be 35/14 + 297/6. Suppose 0 = 3*z - 6, 2*m - b*z = -48*z + 11466. Is m a prime number?
True
Let t(q) be the second derivative of 1/4*q**4 + 1/4*q**5 - 7/2*q**3 - 2 - 5/2*q**2 + 9*q. Is t(9) a prime number?
False
Let k = -10424 + 22777. Suppose 6*h - 7663 = k. Let p = -1715 + h. Is p prime?
True
Suppose 0 = 2*b - 3*h - 48608 - 25435, 3*b = -4*h + 111039. Suppose -4*g + b = 709. Is g prime?
False
Suppose 5769 = 3*f + 4*i, -103*i = -100*i + 18. Is f a composite number?
False
Let d(x) be the third derivative of -x**6/120 + x**5/60 - x**4/24 - 367*x**3/6 - 17*x**2. Let a be d(0). Let j = -164 - a. Is j a prime number?
False
Suppose -w = -y, 4*w = 3*y + 2*y. Suppose 8182 - 2193 = 4*x + c, 4*x + 4*c - 6004 = y. Suppose 3198 = 4*q - 2*t, 3*q = 4*t + x + 915. Is q prime?
True
Suppose 0 = u + 33 - 37. Suppose 4*n - 3*n + 50399 = 5*k, -k + 10063 = u*n. Is k composite?
False
Let o(k) = -5*k**3 - 5*k**2 - 3*k - 4. Let v(q) = q**3. Let f(l) = -o(l) - 4*v(l). Let g be f(-4). Is (-27594)/(-30) - g/10 prime?
True
Let g(m) = -2*m**3 + 2*m**2 + 2*m - 5123. Let r be g(0). Let d = 7677 + r. Is d a composite number?
True
Let b be 5073 + (-29)/9 + (-18)/(-81). Suppose b = 3*u - 4257. Is u composite?
False
Let j be (8 - (4 - -1)) + 2984/1. Let k = 781 + j. Is ((-14)/6 - -2)/((-8)/k) a composite number?
False
Let m = 4644 + 5